the prime factors of v(j).
2
Suppose -3*w + 172 = 5*i, i - 25 = -w + 11. What are the prime factors of i?
2
Let b(x) = 2*x + 1. Suppose 2*j + 12 = 4*j + 2*g, 3*j + 5*g - 22 = 0. Let u be b(j). Suppose 2*z + u = 5*z. List the prime factors of z.
3
Let y(s) = 4*s**2 + 1. Suppose 0*f - f + 1 = 0. Let q be 8/6 - f/3. List the prime factors of y(q).
5
Let n = 15 - 10. Suppose n - 30 = -5*s. Suppose s*y - 5*u - 60 = 0, -3*u = 2*y + u - 24. List the prime factors of y.
2, 3
Let i(v) = -v**2 + 16*v + 4. Let g be i(7). Suppose -2*j + g = 9. List the prime factors of j.
29
Suppose 5*b = 108 + 2. What are the prime factors of b?
2, 11
Let m(p) = 3*p**2 + p**3 - 4 - 3*p**2 - 3*p**2. Let o be m(4). Let z = o + -5. List the prime factors of z.
7
Let m = 2 + 0. Suppose -m*g = -3*o + 5*o - 6, 5*o + 9 = 3*g. Suppose -2*n + 0 + 30 = o. What are the prime factors of n?
3, 5
Let s(k) = -k**3 - 23*k**2 - 3*k - 1. What are the prime factors of s(-23)?
2, 17
Let k be (12/(-15))/((-2)/(-5)). List the prime factors of 4/(0 - 1/k).
2
List the prime factors of (5/(75/(-1030)))/((-2)/3).
103
What are the prime factors of -2 - (-35)/2 - (-9)/6?
17
Suppose -3*h + 5*f + 532 = 0, -3*f - 540 = -6*h + 3*h. List the prime factors of h.
2, 23
Let q(s) = -21*s**3 + 13*s**2 + 5*s + 21. Let p(j) = -10*j**3 + 6*j**2 + 2*j + 10. Let f(u) = -13*p(u) + 6*q(u). What are the prime factors of f(2)?
2, 3
What are the prime factors of 38 + 6*(-4)/8?
5, 7
List the prime factors of 32 + -2 + (-9 - -5).
2, 13
Let g(i) = 6*i**2 + i. Let h be g(-1). Let o(f) = -4*f - 6. Let t be o(-4). Suppose -t = -h*a + 45. What are the prime factors of a?
11
What are the prime factors of (-3 - -2)/((-1)/3)?
3
Let y = -278 - -577. What are the prime factors of y?
13, 23
Let f = 12 + -8. Suppose 0*h = -h + f. List the prime factors of h.
2
Suppose 2*t - 3*t = -4. Suppose -z - 30 = -t*z. List the prime factors of z.
2, 5
Let w = 3 - -1. Let p(f) = -f**2 + 6*f - 4. Let q be p(w). Suppose 3*c = -5*k + 5, -2*c + 3*c = -q*k + 11. What are the prime factors of k?
2
Let r = -4 - -4. Let l(y) = y**3 - 7*y**2 + 2. Let j be l(7). Let v = j - r. List the prime factors of v.
2
Suppose 5*k = -v + 37 + 1, 2*k + 82 = 5*v. List the prime factors of v.
2, 3
Suppose -20 = k - 2*k. Suppose -2*m + 4*m = k. List the prime factors of m.
2, 5
Let j(x) = 21*x. Let t be j(-3). Let r be (18/(-21))/(3/t). What are the prime factors of (r/15)/((-6)/(-20))?
2
Let l(j) = 3*j**2 - 2*j - 3. Let v be l(-3). Let m = v - 14. List the prime factors of m.
2
Let p(v) = -v**2 - 8*v + 2. Suppose -3*l + 6*f - 18 = 3*f, 5*l = f - 30. List the prime factors of p(l).
2, 7
Let c = -10 - -14. Suppose c*k - 2*k - 114 = 0. Let u = -35 + k. List the prime factors of u.
2, 11
Let x(w) = w + 2. Let g be x(-7). Let i = g - 9. What are the prime factors of (24/i)/((-2)/14)?
2, 3
Let x(k) = k + 1. Let y be x(7). List the prime factors of (-83)/(-4) + (-6)/y.
2, 5
Let m be (-1)/3 - (-147)/9. Suppose 2*p - m = -0*p - 4*t, -5*p = 3*t - 26. List the prime factors of p.
2
Suppose -30 - 5 = -5*b. Let c = 13 + b. What are the prime factors of c?
2, 5
Suppose 6*k = k + 20. Suppose a + p = -p + 7, 0 = 4*p - k. Suppose 0 = i, 2*i - 60 = -a*g + 5*i. What are the prime factors of g?
2, 3
Let w(y) = 2*y**3 + 2*y**2 + 1. What are the prime factors of w(2)?
5
Let k(d) = -2*d - 10. Let v be k(-7). Suppose -11 = h - v*b + 3, 0 = 4*h + b - 12. Suppose h*w - 20 = -2*w. What are the prime factors of w?
5
Suppose -j = -q + 4 + 33, -4*q - 5*j = -103. Let u = q + -23. What are the prime factors of u?
3
Suppose 4*v - q - 22 = -v, -2*v - 4*q = 0. Let s(j) = -j**3 + 3*j**2 + 4*j - 6. Let f be s(v). What are the prime factors of (-35)/f - (-4)/24?
2, 3
Let r be 7/(-1) - (17 - 14). Let u(z) = z**2 + 7*z - 4. Let g be u(-6). List the prime factors of (-34)/r + 4/g.
3
Suppose d - 2*c + 8 = 0, -3*c + 0*c + 5 = -5*d. Suppose 300 = d*h + 3*h. Suppose 2*j - h = -2*j. What are the prime factors of j?
3, 5
Let k(a) = a**2 + 10*a + 3. Let p be k(-10). List the prime factors of 55/p - (-10)/15.
19
Let u = 2 + -4. Let g = u + -8. What are the prime factors of 12/(-10)*25/g?
3
Suppose -j = -x - 0*j, -2*j = 4*x. Suppose x*k + k + 15 = 0. List the prime factors of ((-2 - k) + 0)*1.
13
Suppose -3*p = 5*b - 159, -2*b + 2*p = -30 - 24. Let h = -19 + b. List the prime factors of h.
11
Let v(b) be the first derivative of 4*b**3/3 - 3*b**2/2 + 2. What are the prime factors of v(2)?
2, 5
Let o(m) = -132*m**3 - m. Let u be o(-1). Suppose -4*w - 5*x = -u, 3*x - 15 = 2*w - 76. What are the prime factors of w?
2
Let y = -83 - -165. List the prime factors of y.
2, 41
Let j be (-635)/(-15) - 2/(-3). What are the prime factors of j*(-3 + 8 - 4)?
43
Let z(j) = 4*j - 7. Let b = 11 - 7. Let c be b + (-3 - -1) - -3. What are the prime factors of z(c)?
13
Let t(x) = -x**3 - 4*x**2 + 4*x - 9. Suppose 0 = 2*p - 2*b + 18, -p - 2*b = -0*b. List the prime factors of t(p).
3, 13
Let t = 658 + -452. Suppose t = 4*g - 18. List the prime factors of g/12 + (-1)/(-3).
5
Let i(t) = -t**3 - 1. Let j(s) = -7*s**3 + 5*s**2 - 3*s - 6. Let p(m) = -6*i(m) + j(m). List the prime factors of p(4).
2
What are the prime factors of (78/12 - 6) + 46/4?
2, 3
Suppose -4*y - 10 = 5*c, -c - y = 4*y + 2. List the prime factors of c/(1/34*-4).
17
Let v(z) = -z - 4. Let n be v(-8). Suppose 0*d + n*d = 8. Suppose 0 = d*i - 0*i - 30. List the prime factors of i.
3, 5
Let h be 172/14 + (-4)/14. Suppose -4*p - 20 = -0*p, -p - 6 = -l. What are the prime factors of 1/(l - 10/h)?
2, 3
Let f = -14 + 8. Let j(m) = m**2 + 3*m**2 - m**2 - 7*m + 5 - 4*m**2. What are the prime factors of j(f)?
11
Suppose 3 = q - 3. Let o = q + -2. List the prime factors of o.
2
Let r = 20 + 64. What are the prime factors of r?
2, 3, 7
Let u = -3 + 0. What are the prime factors of u/6*2 - -14?
13
Suppose -3*w + 4*w - 10 = 0. Let m = 19 - w. List the prime factors of m.
3
Let l = 1 + 19. Suppose 2*r - 7*r = -l. Suppose 0 = -5*d + j + 34 - 5, -5*d + r*j = -26. What are the prime factors of d?
2, 3
Let k(w) = -171*w - 1. List the prime factors of k(-1).
2, 5, 17
Suppose -4*t - 59 = -j, 0*j = -3*j + 2*t + 157. List the prime factors of j.
3, 17
Let x be 62 - (-12)/(1 + 2). Let k = x + -38. List the prime factors of k.
2, 7
Let x(y) = -y**2 - 5*y - 3. Let i be x(-3). Suppose -f = 5*k - i*f - 48, 3*f - 28 = -5*k. Suppose -3*z = -k*z + 35. What are the prime factors of z?
7
Suppose 0*g - 2*y = g - 4, -4*g - 5*y = -13. Let a(j) = 5*j - 2. Let b be a(g). List the prime factors of (18/b)/((-6)/(-16)).
2, 3
Let h = 3 - 1. Suppose 0 = -n - 18 + h. What are the prime factors of 2/(-3) - n/6?
2
Let j(t) = 3*t**2 - t + 6. What are the prime factors of j(6)?
2, 3
Suppose 4*u = 11*u - 196. What are the prime factors of u?
2, 7
Let h = 105 - 33. List the prime factors of h.
2, 3
Let f(j) = 10*j**2 + 4*j + 3. List the prime factors of f(-2).
5, 7
What are the prime factors of 7*6 + -1 + -2?
3, 13
Let y = 10 - 5. List the prime factors of 63/y - 2/(-5).
13
Let k be ((-3)/(-9))/((-3)/(-18)). What are the prime factors of (3/k)/(9/114)?
19
Let z(i) = i**3 + i**2 - i + 2. Let u be z(0). Let p be 2*u/(-8)*0. Suppose -4*j - 10 = -y, p*y = -5*y + j + 31. List the prime factors of y.
2, 3
Let s(w) = -w**3 + w**2 - w + w**2 + 3*w**2 - 6*w**2 - 2. List the prime factors of s(-2).
2
Suppose 1140 = i + 9*i. What are the prime factors of i?
2, 3, 19
Let d be (-10)/(-1 + (-4 - -3)). Suppose d*p - 42 = -2*u, 0 = 2*u - 4*u - 8. List the prime factors of p.
2, 5
Let z = -35 + 195. What are the prime factors of z?
2, 5
What are the prime factors of ((-413)/(-2) + -1)/(15/10)?
137
Suppose 7 = -4*f - 3*a + 212, 5*f - 258 = -2*a. Let n = 97 - f. List the prime factors of n.
3, 5
Let j(h) = 11 - 5*h + 8*h + 2*h - 6*h. What are the prime factors of j(0)?
11
Let l(v) = 3*v**2 - 5*v + 2. Let z = -3 - -6. List the prime factors of l(z).
2, 7
Let w = 25 - 8. List the prime factors of w.
17
Let h(k) = k**3 + 6*k**2 - 3*k + 1. Let d be 22/(-4) - (-5)/(-10). What are the prime factors of h(d)?
19
Let q = 14 - 1. What are the prime factors of q?
13
Let p(k) = k + 20. What are the prime factors of p(0)?
2, 5
Let c be (-138)/(-5) - (-8)/20. Let q be (-7)/c - 602/(-8). What are the prime factors of q/12 - (-3)/4?
7
Let s(f) = -f**3 